True
Is 338909 composite?
False
Is 4103 a composite number?
True
Is 21833 prime?
False
Is 469 a composite number?
True
Is 46597 a composite number?
True
Is 1061 composite?
False
Is 3203 composite?
False
Is 14143 a prime number?
True
Is 74773 composite?
True
Is 63977 a prime number?
True
Is 678851 prime?
False
Is 33817 a composite number?
True
Is 52211 composite?
True
Is 531287 a prime number?
True
Is 25057 prime?
True
Is 1899811 prime?
False
Is 558151 composite?
True
Is 2371 a composite number?
False
Is 107287 a composite number?
True
Is 552341 a prime number?
True
Is 141847 prime?
False
Is 48337 a composite number?
False
Is 205 a prime number?
False
Is 22873 a composite number?
True
Is 891247 composite?
True
Is 265 a composite number?
True
Is 3307201 composite?
False
Is 164845 composite?
True
Is 2609 a composite number?
False
Is 4699 a prime number?
False
Is 4703 prime?
True
Is 11099 a composite number?
True
Is 22871 prime?
True
Is 45943 a prime number?
True
Is 4761985 a composite number?
True
Is 295237 prime?
True
Is 334615 a composite number?
True
Is 639082 a prime number?
False
Is 868107 composite?
True
Is 27635 a prime number?
False
Is 8353 prime?
True
Is 54037 a composite number?
False
Is 27543 composite?
True
Is 5891 a prime number?
False
Is 427813 a composite number?
False
Is 21779 prime?
False
Is 1112443 composite?
True
Is 1543 a prime number?
True
Is 75203 prime?
False
Is 95527 a prime number?
True
Is 399695 a composite number?
True
Is 61003 a prime number?
False
Is 542821 prime?
True
Is 1727839 prime?
True
Is 186551 composite?
False
Is 1477162 a prime number?
False
Is 10847 a prime number?
True
Is 7867 a composite number?
False
Is 174197 a composite number?
False
Is 2179 a prime number?
True
Is 19417 a prime number?
True
Is 16603 composite?
False
Is 2293859 a prime number?
False
Is 673 composite?
False
Is 145253 a composite number?
False
Is 7762255 a composite number?
True
Is 3299 a composite number?
False
Is 4783 a prime number?
True
Is 506873 a composite number?
False
Is 18218 a prime number?
False
Is 15166 a composite number?
True
Is 795377 composite?
True
Is 161197 prime?
False
Is 3491 composite?
False
Is 14879 a prime number?
True
Is 37243 prime?
True
Is 668141 a prime number?
True
Is 417691 a composite number?
False
Is 110711 a prime number?
True
Is 7261 composite?
True
Is 58363 a composite number?
False
Is 28687 composite?
False
Is 2579 prime?
True
Is 3017 a prime number?
False
Is 484853 a prime number?
True
Is 162167 a prime number?
False
Is 131209 a composite number?
True
Is 104281 a composite number?
False
Is 188249 a prime number?
True
Is 39901 a prime number?
True
Is 70939 a prime number?
False
Is 13198 a composite number?
True
Is 193393 composite?
False
Is 20573 prime?
False
Is 1414947 a composite number?
True
Is 4091 composite?
False
Is 184409 prime?
True
Is 1363 prime?
False
Is 97103 composite?
False
Is 33683 prime?
False
Is 98162 prime?
False
Is 429178 prime?
False
Is 78371 a composite number?
True
Is 4443 prime?
False
Is 49721 composite?
True
Is 166237 a prime number?
True
Is 93683 a composite number?
False
Is 4183 a composite number?
True
Is 5557 prime?
True
Is 160309 a composite number?
False
Is 182203 a prime number?
False
Is 164309 a prime number?
True
Is 7177 a composite number?
False
Is 5209 composite?
False
Is 195659 prime?
True
Is 13951 prime?
False
Is 195593 a composite number?
False
Is 27941 prime?
True
Is 35729 a prime number?
True
Is 325893 a prime number?
False
Is 26749 a composite number?
True
Is 470309 prime?
False
Is 1361 a prime number?
True
Is 443 a composite number?
False
Is 225457 a composite number?
False
Is 52747 a composite number?
False
Is 4269 a composite number?
True
Is 3641 a prime number?
False
Is 177757 prime?
False
Is 1139 composite?
True
Is 4327 prime?
True
Is 6191 a prime number?
False
Is 203 a prime number?
False
Is 201715 a composite number?
True
Is 34967 a prime number?
False
Is 9431 prime?
True
Is 66733 a prime number?
True
Is 35279 composite?
False
Is 91673 a prime number?
True
Is 1043 prime?
False
Is 3659 a prime number?
True
Is 502 composite?
True
Is 52667 composite?
False
Is 3065 composite?
True
Is 38261 prime?
True
Is 2579 composite?
False
Is 595763 a composite number?
True
Is 2237 a composite number?
False
Is 32117 a prime number?
True
Is 2819 prime?
True
Is 280837 a prime number?
True
Is 29177 a composite number?
True
Is 1554521 a prime number?
True
Is 11641 a composite number?
True
Is 44531 a composite number?
False
Is 263323 a prime number?
True
Is 94301 a prime number?
False
Is 54251 composite?
False
Is 83671 composite?
True
Is 74693 composite?
True
Is 1901 a composite number?
False
Is 15769 prime?
False
Is 68078 composite?
True
Is 753979 composite?
False
Is 586 a composite number?
True
Is 12515 a prime number?
False
Is 32099 prime?
True
Is 262187 a composite number?
False
Is 4321 a prime number?
False
Is 21001 a composite number?
False
Is 10529 prime?
True
Is 143699 prime?
True
Is 2820601 prime?
False
Is 27361 a prime number?
True
Is 349159 a composite number?
True
Is 58013 composite?
False
Is 25429 composite?
True
Is 37769 a composite number?
True
Is 119461 a prime number?
False
Is 14051 a prime number?
True
Is 748389 a prime number?
False
Is 135854 composite?
True
Is 9901 composite?
False
Is 10729 composite?
False
Is 2125793 a composite number?
False
Is 6823 a prime number?
True
Is 2479 a prime number?
False
Is 13799 a prime number?
True
Is 487 prime?
True
Is 50821 composite?
False
Is 27187 prime?
False
Is 20681 prime?
True
Is 47933 a prime number?
True
Is 47699 composite?
False
Is 5891179 composite?
True
Is 132989 composite?
False
Is 60877 a composite number?
True
Is 68993 composite?
False
Is 326863 a prime number?
True
Is 138903 a composite number?
True
Is 107827 a prime number?
True
Is 746597 prime?
True
Is 1823 prime?
True
Is 714719 a prime number?
True
Is 117427 a composite number?
False
Is 2470991 a prime number?
True
Is 33403 prime?
True
Is 479 a composite number?
False
Is 2509 a composite number?
True
Is 23678 a composite number?
True
Is 179519 composite?
False
Is 131 a prime number?
True
Is 71387 prime?
True
Is 7523 a composite number?
False
Is 76519 a composite number?
False
Is 2453 a composite number?
True
Is 195439 a composite number?
True
Is 3511 a prime number?
True
Is 15853 a composite number?
True
Is 304039 a composite number?
False
Is 40027 a prime number?
False
Is 22691 prime?
True
Is 52477 composite?
True
Is 14021 prime?
False
Is 596363 a prime number?
True
Is 2149 composite?
True
Is 52721 prime?
True
Is 112459 prime?
True
Is 4744897 composite?
False
Is 21247 prime?
True
Is 3793 a prime number?
True
Is 78581 a composite number?
True
Is 24685 a prime number?
False
Is 250163 a prime number?
False
Is 260771 composite?
True
Is 7507 a prime number?
True
Is 25021 prime?
False
Is 49561 prime?
False
Is 163109 a prime number?
True
Is 92297 a composite number?
False
Is 30035 a composite number?
True
Is 145043 a prime number?
True
Is 18807 composite?
True
Is 7403 a prime number?
False
Is 10289 prime?
True
Is 297785 a composite number?
True
Is 560863 a prime number?
True
Is 346169 prime?
True
Is 1104683 a composite number?
False
Is 10847 a composite number?
False
Is 4963 composite?
True
Is 10061 prime?
True
Is 147841 composite?
True
Is 4481 composite?
False
Is 21473 composite?
True
Is 162977 a composite number?
True
Is 66835 a composite number?
True
Is 1809271 a prime number?
True
Is 1691 a prime number?
False
Is 77383 composite?
False
Is 28009 prime?
False
Is 258529 a prime number?
False
Is 17717 a composite number?
True
Is 1624807 a prime number?
True
Is 95021 a prime number?
True
Is 961151 a prime number?
True
Is 2584301 composite?
False
Is 1383359 a prime number?
True
Is 108343 composite?
False
Is 1115 composite?
True
Is 5207 prime?
False
Is 68321 prime?
False
Is 8147 a prime number?
True
Is 1054283 composite?
True
Is 797 a prime number?
True
Is 5873 prime?
False
Is 1543 composite?
False
Is 599903 a prime number?
False
Is 28757 a prime number?
False
Is 42682 composite?
True
Is 12115 a composite number?
True
Is 16787 a prime number?
True
Is 1825193 a prime number?
True
Is 106837 composite?
True
Is 1199 composite?
True
Is 184241 a prime number?
True
Is 2